 j a composite number?
False
Suppose 11*u + 117 + 136 = 0. Let p(t) = 2*t**2 - 3*t - 2. Let q be p(-4). Let l = u + q. Is l composite?
False
Is ((-1384986)/798)/(1/(-7)) prime?
True
Let t = 246 - 243. Is 3117 + -4*t*3/(-18) a prime number?
True
Suppose 37*z + 455240 + 250202 = 0. Is (9/6)/(8 + 152525/z) a composite number?
False
Suppose y + 5*h = -25, 5*y + 4*h + 13 + 7 = 0. Suppose x - 3 = -y. Suppose -x*v = 2*v - 9335. Is v a prime number?
True
Let a(x) = -x**2 + 10. Let p = -6 - -9. Let s be a(p). Is 4/6*(s + 2670/12) a prime number?
True
Let n(w) = -w**3 + 4*w - 43. Let r be (1 - 13) + (-1 + 29)/7. Is n(r) a prime number?
False
Let y(b) = -389*b**3 + 4*b**2 + 4*b + 2. Let w be y(-2). Let v be 2/(-11) - (11915/(-11) - 0). Let t = w - v. Is t prime?
True
Is (198/(-15 - -6))/((-6)/141) composite?
True
Let q(o) = o**3 + 2*o - 254. Let j be q(0). Is (j/(-7))/(4/14) composite?
False
Let d(b) = 40426*b - 385. Is d(4) a prime number?
False
Let z(j) be the second derivative of j**5/20 - 5*j**4/12 - j**3/2 + 4*j**2 - 11*j. Let c be z(5). Let h(s) = -s**3 - 5*s**2 + 3*s + 2. Is h(c) a prime number?
True
Let j(g) = g. Let l be j(-3). Let v(u) be the first derivative of 50*u**3/3 - 7*u - 5. Is v(l) composite?
False
Suppose -9*r = -29*r - 58*r + 14742078. Is r a composite number?
True
Let j(d) = 2318*d - 211. Is j(31) a composite number?
False
Suppose 4*c - 5*c - 2*j + 15 = 0, -5*c - 5*j = -50. Let u(i) = 9*i**2 + 2*i - 2. Let x(f) = 19*f**2 + 5*f - 4. Let d(z) = 13*u(z) - 6*x(z). Is d(c) prime?
True
Suppose -24*h = -23*h - 8. Suppose -19*o + 274965 = -1446587. Suppose -h*s = 8*s - o. Is s composite?
True
Let c(v) = 130*v + 27. Let h(y) be the first derivative of -261*y**2/2 - 54*y - 8. Let i(n) = -5*c(n) - 2*h(n). Is i(-7) a prime number?
False
Let y = 32 + -30. Suppose -4*m = 5*l - 16900, y*m = -l + 1476 + 1910. Let r = 5013 - l. Is r composite?
False
Suppose 4*k - a = 681961, 580*a = 4*k + 575*a - 681949. Is k composite?
True
Let c = 29790 + 14645. Is c a composite number?
True
Suppose 2*u - 174148 = 10*h - 26326, -295756 = -4*u + 4*h. Is u composite?
True
Suppose -6*m - 2*m + 72 = 0. Suppose -1 - m = -2*q. Suppose -6*u - 2 = -q*u, -5*u + 2385 = 5*p. Is p a composite number?
False
Suppose 147*g - 151*g + 3*x + 166475 = 0, 3*x - 9 = 0. Is g prime?
True
Suppose 103 - 523 = -4*k. Suppose m - k = 8*m. Is 2/10 + (-7902)/m + 6 prime?
False
Suppose -59*l - 7 = -60*l. Suppose 0 = -3*n + l*n + 12. Is (-3)/(-3) + n + (-489)/(-1) a composite number?
False
Suppose -4*i - 33*h + 35*h + 38 = 0, 0 = -i + 3*h + 22. Suppose i*z - 12*z = 3*q - 15421, -z = 3*q - 15437. Is q a composite number?
False
Suppose 657 - 185 = 8*a. Suppose -g = -180 + a. Let p = 274 + g. Is p prime?
False
Suppose -38*s + 94*s = 112. Let v be (-2)/(-7) - 41144/(-7). Suppose -s*q + 2622 = 3*d - 311, -v = -4*q - 2*d. Is q a composite number?
False
Let c = 40 + -39. Suppose -2*h = 2*v - 3*h - c, -2*h + 1 = -v. Is 178 - v - (-4)/2 prime?
True
Let h(a) = -a + 7. Let b be h(-17). Suppose -b*l - 1670 = -22*l. Let o = -446 - l. Is o prime?
True
Let h = -1198099 + 4870844. Is h a prime number?
False
Let b = -1760 - -4986. Suppose -b = 2*h - 29660. Is h a prime number?
True
Suppose -19373197 = -15*h - 116*h. Is h a composite number?
True
Let r(h) = h**2 + 5*h + 4. Let o be r(-4). Suppose 4*b = 2*s - 1454, -s + 3*b + 528 + 198 = o. Suppose -2*p + j + 3668 = s, 0 = -2*p - 2*j + 2948. Is p prime?
True
Let c(y) = -68*y - 1. Let i(x) = -x - 1. Let v(r) = -c(r) - i(r). Let w be ((-3)/2)/((-4)/8 - 0). Is v(w) composite?
True
Let t be (378/(-24))/(3/(-56)). Let u(f) = -544*f**3 + 4*f**2 + 2*f + 1. Let j be u(-1). Let r = j - t. Is r a composite number?
True
Let s = 60 + -25. Suppose s*v - 15135 = 30*v. Is v composite?
True
Suppose 5*i - o - 10 = 0, i - 3*o = -8 - 4. Suppose 3*z + 15*a - 1344 = 16*a, -i = -a. Is z a prime number?
True
Let o(h) be the third derivative of 13*h**7/420 - h**6/144 - 7*h**5/30 - 14*h**2. Let p(l) be the third derivative of o(l). Is p(2) a prime number?
True
Suppose -10*z + 3012 = -6*z. Suppose -2*u + 99 = -z. Let b = u + -191. Is b composite?
True
Let r(u) = 2*u**3 + 7*u**2 - 6*u + 16. Let l be r(-19). Let s = -6618 - l. Suppose i - 3326 = -2*i + 5*v, s = 4*i - 5*v. Is i prime?
True
Suppose -29*l + 1638161 = -356778. Is l composite?
False
Suppose 1232*b + 8573374 + 3751179 = 1311*b. Is b a prime number?
True
Let w be 2 - 6 - (-20 - (-3 - -2)). Suppose 3*k - 7 = -2*c + 5, 2*k - c - w = 0. Is 9/((-9)/(-10))*1011/k prime?
False
Let c be (6*2398)/((-6)/(-33)). Suppose 1441 = -7*d + c. Is d prime?
False
Let o(d) = 5445 - 2662 + 17780 - 26*d. Is o(0) composite?
False
Let f be (-1 + (-1 - -1))*(-8 - -5). Let a(t) = 58*t**3 + 6*t**2 + 3*t - 2. Let m be a(f). Is m - (2 + (2 - 8)) composite?
True
Let q be 4/(-8) + (-115)/10. Let k be (-60)/(-16) - 3/q. Is 1*(k - 27)*-47 prime?
False
Let n(j) = j. Let t(q) = 138*q**2 - 7*q - 16. Let v(a) = 414*a**2 - 21*a - 49. Let r(p) = -11*t(p) + 4*v(p). Let s(o) = -2*n(o) + r(o). Is s(-3) a prime number?
True
Let f(k) = -284208*k**3 - k**2 - 9*k - 7. Is f(-1) composite?
True
Is (6/(-15) - -1) + 3 + (-38812202)/(-130) prime?
True
Is ((-16252194)/(-56) + -4)*20/25 prime?
True
Let o = -30726 - -51349. Is o a composite number?
True
Let l(t) = 3132*t - 335. Is l(8) a composite number?
True
Let c(i) = -i**3 + i + 61. Let m be c(0). Let u = m + -62. Is ((-5)/(-50)*5)/(u/(-430)) a prime number?
False
Let z = 4900 - -13499. Let s = 27319 - z. Suppose -5*p + b = -s, -4*p - 2*b + 7137 = -3*b. Is p a prime number?
True
Let i(g) = 9*g**2 - 9*g - 60. Let y be i(-9). Let v = 7151 + y. Is v a composite number?
False
Let j be (10/8)/((-4)/(-16)). Let b(q) = 4*q**3 - 3*q**2 - 6*q + 3. Let w be b(7). Suppose -3*u = -2*p + w, 0 = -p + j*u - 75 + 682. Is p a composite number?
False
Suppose 39168 + 139224 = 24*q. Is q prime?
True
Let s = 15619 - 4422. Is s a prime number?
True
Let y(v) = -v - 16. Let c be y(12). Let z = -28 - c. Suppose 0 = -2*x - 0*n - 3*n + 2281, -2*n + 2 = z. Is x composite?
True
Let y(n) = 26*n**3 + 24*n**2 - 295*n + 46. Is y(19) prime?
True
Let p(v) = 16*v**2 + v - 4. Suppose -4*o + 97 = 5*m, 3*o - 4*m - 68 = -3*m. Suppose 5*w + 2*n = 3*w + 22, -w - 4*n + o = 0. Is p(w) a composite number?
False
Let d(l) = -2399*l + 60. Is d(-11) prime?
True
Let l be (-1 - -2) + -11 + 657. Suppose -v + l = -2488. Suppose -2*g + 3*g = -2*q + v, 3*g = -3*q + 4704. Is q composite?
False
Let h be ((-4)/(-14))/(10/70). Suppose -6520 + 164 = -2*i. Suppose 0 = 4*m + 2*y - i, 0 = -2*m - h*m + 4*y + 3208. Is m composite?
False
Suppose -136*z + 135*z = -4. Suppose -5*s = -z*x - s + 35192, -3*s = -4*x + 35197. Is x composite?
False
Let g(a) = 97*a**2 + a + 413. Is g(18) composite?
False
Let k(v) = -15*v - 15 + 38*v - 22*v. Let a be k(19). Suppose -a*f + b = -2*f - 603, -5*b = 5. Is f composite?
True
Suppose 0 = 45*g + 35*g + 62*g - 51300482. Is g a composite number?
False
Let f(t) = -3277*t + 110. Let z(v) = 655*v - 22. Let n(a) = -2*f(a) - 11*z(a). Is n(-1) prime?
True
Let d = 417 + -417. Suppose d = 8*p - 14158 - 4458. Is p a composite number?
True
Let v = -14010 - -23627. Is v prime?
False
Let s be (3/(-4))/((-13)/((-1456)/(-42))). Let n(h) = -7*h - 1. Let p be n(-7). Suppose -219 = -5*m - 4*d, s*d - p = -5*m + 169. Is m a prime number?
True
Let g(u) = 61*u - 22 + 37 + 18 + 64*u. Is g(34) a composite number?
False
Let z be 1*(0 - (-7 - -3)). Let q(d) = -135*d - 7. Let a be q(-5). Suppose -z*p + 960 = -a. Is p composite?
True
Let p(t) = -t**3 - 6*t**2 - 3*t + 10. Let u be p(-5). Suppose 5*z - 10 = -u. Suppose 5*g - 2*o - 412 = 0, -z*g = o + o - 162. Is g a composite number?
True
Let q = -340 + 342. Suppose -3*s = 12*b - 8*b - 38137, 0 = 2*b - q*s - 19072. Is b a composite number?
True
Let h(o) = 16*o**2 + 480*o - 129. Is h(79) composite?
True
Suppose -3*a + 15 = 2*a. Let h(q) = 6*q + 56. Let v be h(-9). Suppose -104 - 161 = -m - 4*p, v*m - a*p = 486. Is m prime?
False
Let i(q) = 1119*q**2 + 235*q + 4101. Is i(-20) composite?
False
Let b = 67540 + -2334. Is b a prime number?
False
Suppose -4*k = -2*c + 26, k + 6 = 2. Suppose -c*p + 3 = -2*p + 4*t, 4*t = -4*p + 8. Suppose 5412 = p*b - 1943. Is b a composite number?
False
Suppose u - 11 = -9. Suppose 0 = u*r + 7050 + 1592. Let w = r